hat is the greatest common factor of 42420796 and 33?
11
Calculate the highest common divisor of 66671 and 680713.
209
Calculate the highest common factor of 6843 and 21922691.
2281
What is the highest common divisor of 18691450 and 44735?
1945
Calculate the greatest common factor of 2934 and 7576578.
18
What is the greatest common factor of 120706170 and 1170?
390
What is the highest common factor of 18135 and 106999290?
1395
Calculate the greatest common factor of 69919 and 1711.
29
Calculate the highest common divisor of 14320 and 177508930.
1790
Calculate the highest common divisor of 23078318 and 1434.
478
Calculate the greatest common divisor of 129478674 and 8112.
1014
What is the highest common factor of 3033 and 74807934?
1011
What is the greatest common factor of 59 and 7165479613?
59
What is the greatest common divisor of 30 and 13152684?
6
What is the greatest common divisor of 49220577 and 332?
83
Calculate the highest common divisor of 745153 and 13660.
683
Calculate the greatest common divisor of 31 and 16020242.
31
What is the greatest common factor of 20 and 169880324?
4
What is the greatest common factor of 2312340 and 75?
15
Calculate the greatest common divisor of 4 and 1005586.
2
What is the greatest common factor of 33742689 and 20550?
411
What is the greatest common factor of 228075872 and 32?
32
What is the greatest common divisor of 4448 and 4084?
4
Calculate the greatest common factor of 11504 and 18196.
4
What is the greatest common divisor of 1364 and 22196?
124
Calculate the highest common factor of 154254 and 210048.
3282
What is the highest common factor of 6026 and 829472?
46
What is the greatest common divisor of 230264 and 759656?
2152
Calculate the highest common divisor of 20 and 55544600.
20
Calculate the greatest common factor of 21602156 and 1124.
1124
Calculate the greatest common divisor of 837004 and 157982.
334
What is the greatest common factor of 5691 and 30485?
7
Calculate the highest common factor of 326 and 1274459673.
163
What is the greatest common factor of 145635 and 59426745?
7665
Calculate the greatest common divisor of 1269 and 1945518.
141
Calculate the highest common factor of 12 and 37495014.
6
What is the highest common factor of 588 and 834771?
21
What is the highest common factor of 12148512 and 4512?
96
Calculate the highest common factor of 809094 and 348128.
506
What is the greatest common factor of 19 and 1773924493?
19
What is the highest common divisor of 2119463736 and 312?
312
Calculate the highest common factor of 11930172 and 28.
4
Calculate the greatest common factor of 57213 and 81016.
13
Calculate the greatest common divisor of 435 and 21186315.
15
What is the greatest common factor of 247214070 and 10?
10
What is the greatest common divisor of 12 and 7802457?
3
What is the highest common divisor of 16717 and 294265?
229
Calculate the greatest common divisor of 3850 and 216650.
350
Calculate the highest common divisor of 451 and 41987.
11
What is the greatest common divisor of 720 and 25467408?
144
Calculate the greatest common divisor of 1449 and 3262021.
161
What is the greatest common factor of 95495 and 48635?
355
What is the highest common factor of 2422 and 109984?
14
What is the greatest common factor of 6321 and 4863201?
147
What is the highest common factor of 227 and 5635275?
227
Calculate the highest common factor of 74860112 and 16.
16
What is the greatest common divisor of 30995137 and 7144?
893
What is the greatest common factor of 4104 and 4896144?
72
Calculate the highest common divisor of 967464 and 9288.
216
What is the greatest common divisor of 33229 and 2709224?
707
Calculate the highest common divisor of 566 and 141606.
2
Calculate the highest common factor of 230673961 and 11417.
1631
What is the greatest common factor of 200279567 and 2771?
2771
What is the highest common factor of 36 and 122750484?
12
Calculate the greatest common divisor of 55 and 58949759.
11
What is the highest common divisor of 84 and 54464424?
84
What is the greatest common divisor of 5097535 and 85?
85
Calculate the highest common divisor of 653384 and 2.
2
Calculate the greatest common factor of 15912 and 1373464.
136
Calculate the highest common factor of 88 and 2098024.
8
Calculate the greatest common divisor of 446777 and 11152.
697
Calculate the highest common divisor of 524 and 1024158.
262
What is the greatest common divisor of 13300 and 3398570?
70
Calculate the highest common factor of 905 and 106689907.
181
Calculate the greatest common factor of 782 and 44827.
23
What is the highest common factor of 95650 and 24?
2
Calculate the highest common factor of 165818864 and 72.
8
What is the greatest common factor of 6 and 7206114?
6
What is the highest common divisor of 76619 and 595?
17
What is the greatest common factor of 473454 and 270?
18
What is the highest common divisor of 41533189 and 2168?
271
Calculate the greatest common divisor of 24870 and 123943790.
8290
Calculate the greatest common factor of 488 and 312425042.
122
Calculate the highest common divisor of 3960 and 24154570.
110
What is the greatest common factor of 173995 and 2185?
115
Calculate the highest common divisor of 62732368 and 13802.
134
Calculate the highest common divisor of 26500 and 35000.
500
Calculate the highest common factor of 31 and 486424069.
31
What is the highest common divisor of 1299 and 35258757?
1299
Calculate the greatest common divisor of 58345789 and 57.
19
Calculate the greatest common factor of 196436589 and 501.
501
What is the greatest common divisor of 203595318 and 306?
18
What is the greatest common divisor of 6 and 262062414?
6
What is the highest common factor of 240 and 4349360?
80
Calculate the greatest common divisor of 12 and 148514604.
12
Calculate the highest common divisor of 49239672 and 72.
24
What is the greatest common factor of 3009 and 219?
3
Calculate the greatest common divisor of 85 and 25549198.
17
What is the greatest common factor of 1973836 and 13600?
68
Calculate the greatest common factor of 7740414 and 54.
54
What is the greatest common factor of 767529 and 729864?
837
Calculate the highest common divisor of 151172259 and 1684.
421
What is the highest common divisor of 36 and 48366156?
12
What is the greatest common factor of 6031 and 438959?
163
What is the highest common divisor of 420 and 6395340?
420
What is the greatest common factor of 295284152 and 11882?
914
What is the highest common factor of 20744475 and 75?
75
What is the highest common divisor of 7879616 and 176?
16
What is the highest common factor of 338679289 and 4173?
1391
What is the greatest common factor of 98325202 and 426?
142
What is the highest common factor of 373 and 42687985?
373
Calculate the greatest common divisor of 4077 and 54027.
27
Calculate the greatest common factor of 111 and 57058847.
37
Calculate the greatest common factor of 1239 and 203109683.
413
What is the highest common divisor of 70642 and 8272550?
3718
Calculate the highest common divisor of 3475751 and 341.
31
Calculate the highest common divisor of 837465 and 8835.
465
What is the highest common factor of 1357 and 254288?
23
Calculate the greatest common divisor of 1759952 and 157064.
232
What is the highest common factor of 12726 and 36616338?
1818
What is the highest common divisor of 2823 and 9241561?
941
Calculate the highest common factor of 137567177 and 1597.
1597
What is the highest common factor of 71709778 and 63?
7
Calculate the highest common divisor of 98 and 1086260.
14
What is the highest common factor of 15375645 and 90?
45
Calculate the highest common factor of 73312800 and 2640.
2640
Calculate the greatest common divisor of 685216 and 243922.
1862
Calculate the highest common divisor of 5285 and 2100259.
1057
What is the greatest common factor of 4605 and 6143617995?
4605
Calculate the greatest common factor of 87 and 127098242.
29
What is the highest common factor of 12187260 and 1980?
180
What is the highest common divisor of 782 and 529312?
34
Calculate the greatest common divisor of 669 and 232641851.
223
What is the highest common divisor of 414111 and 12042?
669
Calculate the highest common factor of 389 and 74015030.
389
What is the greatest common factor of 114 an